{"id":79,"date":"2026-03-01T16:28:53","date_gmt":"2026-03-01T16:28:53","guid":{"rendered":"https:\/\/pablodelrio.fpcei.eu\/?page_id=79"},"modified":"2026-03-03T10:11:51","modified_gmt":"2026-03-03T10:11:51","slug":"evolucion-de-las-consolas-de-nintendo","status":"publish","type":"page","link":"https:\/\/pablodelrio.fpcei.eu\/?page_id=79","title":{"rendered":"Evoluci\u00f3n de las consolas de Nintendo"},"content":{"rendered":"\n<p>A lo largo de los a\u00f1os, Nintendo ha ido evolucionando las consolas mejorando los gr\u00e1ficos y la jugabilidad y a\u00f1adiendo m\u00e1s colores y mundos m\u00e1s complejos. <\/p>\n\n\n\n<p><strong>Nintendo Entertainment System (NES)<\/strong> <strong>(1983)<\/strong>: Fue la consola que ayud\u00f3 a recuperar la industria tras la crisis de los videojuegos en 1983. Populariz\u00f3 los juegos y dio fama mundial a Mario. <br>Se caracteriza por gr\u00e1ficos 8 bits, los juegos en cartuchos y dos mandos simples con cruceta.<\/p>\n\n\n\n<p><strong>Super Nintendo Entertainment System<\/strong> <strong>(SNES) (1990)<\/strong>: En esta consola ha habido mejoras de gr\u00e1ficos con 16 bits y de calidad de audio. Tambi\u00e9n m\u00e1s colores en pantallas, mayor tama\u00f1o de mapas, animaciones y juego m\u00e1s fluido. <br>Tambi\u00e9n cuenta con dos mandos un poco m\u00e1s desarrollados con 2 botones m\u00e1s que la NES. <br>Algunos de los juegos que han provocado una fama mundial fueron <strong>Super Mario World <\/strong>y el primer juego de la saga <strong>Mario Kart<\/strong> para ver que Mario no solo hace aventuras, fue <strong>Super Mario Kart<\/strong>, lanzado en 1992.<\/p>\n\n\n\n<p><\/p>\n\n\n\n<p><\/p>\n\n\n\n<p><\/p>\n\n\n\n<p><\/p>\n\n\n\n<p><\/p>\n\n\n\n<p><strong>Nintendo 64 (N64) (1996): <\/strong>No solo mejor\u00f3 gr\u00e1ficos con los 64 bits, sino tambi\u00e9n fue la primera consola que trajo el 3D a la saga de Mario, con controles anal\u00f3gicos como el <strong>joystick <\/strong>que permiti\u00f3 explorar mundos tridimensionales. <strong>Super Mario 64 <\/strong>revolucion\u00f3 la industria al ofrecer libertad de movimiento y niveles abiertos que nunca se hab\u00edan visto. <br>Otros juegos ic\u00f3nicos fueron el <strong>Mario Kart 64<\/strong>, el segundo <strong>Mario Kart <\/strong>de la historia; y el primer juego de la saga <strong>Mario Party, <\/strong>llamado igual, en el cual pueden jugar hasta 4 jugadores y eligiendo a un pu\u00f1ado de personajes diferentes para competir en un tablero con diferentes casillas y minijuegos. Posteriormente, fueron sacando m\u00e1s y mejores.<\/p>\n\n\n\n<p><strong>GameCube (2001): <\/strong>Esta consola aunque no tuvo tanto \u00e9xito comercial como otras consolas, su potencia gr\u00e1fica era superior. La GameCube adem\u00e1s de eso, los juegos ya no eran cartuchos, sino mini DVD que se pon\u00edan dentro de la consola. Adem\u00e1s, mejor\u00f3 la fluidez del multijugador local ya que permit\u00eda jugar hasta 4 jugadores con un mando cada uno. <br>Uno de los juegos m\u00e1s destacados fueron <strong>Super Mario Sunshine<\/strong>, la segunda aventura de Mario en 3D, y <strong>Mario Kart Double Dash<\/strong>, que permit\u00eda que 2 jugadores manejen el mismo coche ya que en cada coche hay una pareja de 2 personajes. <br>No olvidemos tambi\u00e9n que sali\u00f3 la joya de <strong>Luigi&#8217;s Mansion <\/strong>donde Luigi es protagonista y tiene que enfrentar y capturar a fantasmas en una mansi\u00f3n para salvar a sus amigos.<\/p>\n\n\n\n<p><\/p>\n\n\n\n<p><\/p>\n\n\n\n<p><\/p>\n\n\n\n<p><\/p>\n\n\n\n<p><strong>Nintendo DS (2004)<\/strong>: La Nintendo DS no es una consola de sobremesa como las dem\u00e1s, sino una consola <strong>port\u00e1til<\/strong> y con pantalla t\u00e1ctil. Tiene 2 pantallas, lo que hace que tambi\u00e9n se usen los dedos para por ejemplo resolver puzles. <br>Tuvo muchas ventas ya que tambi\u00e9n hizo que saquen 2 grandes sagas como <strong>Mario &amp;<\/strong> <strong>Luigi<\/strong>, que son una serie de juegos RPG, y por supuesto, la saga de <strong>New Super Mario Bros<\/strong>, que posteriormente fueron sacando m\u00e1s y mejores. <br>Nintendo DS tambi\u00e9n tuvo una evoluci\u00f3n: <strong>Nintendo 3DS (2011)<\/strong>, que tiene m\u00e1s potencia, mejores gr\u00e1ficos, StreetPass y juegos como <strong>Super Mario 3D Land<\/strong> y el <strong>New Super Mario Bros 2, <\/strong>el segundo juego de la saga <em>New<\/em>  y que permit\u00eda esa vez jugar a 2 jugadores a la vez.<\/p>\n\n\n\n<p><strong>Nintendo Wii (2006)<\/strong>: La Wii fue de las mejores consolas ya que atrajo a m\u00e1s p\u00fablico. Su \u00e9xito no solo se bas\u00f3 en gr\u00e1ficos, sino en accesibilidad y una gran experiencia de juego. La Wii adem\u00e1s de ofrecer juegos, cuando los servidores estaban activos, el men\u00fa ofrec\u00eda ver canales como noticias de \u00faltima hora en el mundo y tambi\u00e9n ver Netflix o Youtube en la mism\u00edsima consola. Tambi\u00e9n los mandos de la GameCube son compatibles con la Wii as\u00ed como los juegos tambi\u00e9n.<br>Uno de los juegos m\u00e1s destacados fueron <strong>Super Mario Galaxy<\/strong>, una de las mejores aventuras de Mario, y tambi\u00e9n <strong>New Super Mario Bros Wii<\/strong> ya que fue el primer Mario Bros que permiti\u00f3 que lo jugasen 4 personas a la vez, convirtiendo el juego m\u00e1s ca\u00f3tico y tambi\u00e9n c\u00f3mico.<\/p>\n\n\n\n<p><\/p>\n\n\n\n<p><\/p>\n\n\n\n<p><\/p>\n\n\n\n<p><\/p>\n\n\n\n<p><strong>Nintendo Wii U (2012)<\/strong>: Fue la primera consola con pantalla en el mando. Lo que pasa es que no tuvo \u00e9xito debido a que gener\u00f3 un marketing confuso sobre si era solamente un accesorio de la Wii o una extensi\u00f3n de esta, o si es una consola nueva. Aunque fue la consola m\u00e1s infravalorada, fue clave en el desarrollo de juegos futuros de Mario y adem\u00e1s los mandos de la Wii son compatibles con la Wii U.<br>Juegos que destacaron fueron: <strong>Super Mario 3D World <\/strong>y <strong>Mario Kart 8<\/strong>. Con grandes gr\u00e1ficos. <\/p>\n\n\n\n<p><strong>Nintendo Switch<\/strong> <strong>(2017)<\/strong>: Es una consola h\u00edbrida, usable como port\u00e1til y sobremesa. Su \u00e9xito se debe a su gran potencia y biblioteca de juegos. Sus mandos tienen el nombre de <em>Joy-con, <\/em>que se pueden poner tanto en la consola port\u00e1til como quitarlos de ah\u00ed y jugar en modo sobremesa, conectando la consola a un dispositivo como la tele.<\/p>\n\n\n<div class=\"n2-section-smartslider fitvidsignore  n2_clear\" data-ssid=\"5\"><div id=\"n2-ss-5-align\" class=\"n2-ss-align\"><div class=\"n2-padding\"><div id=\"n2-ss-5\" data-creator=\"Smart Slider 3\" data-responsive=\"auto\" class=\"n2-ss-slider n2-ow n2-has-hover n2notransition  \"><div class=\"n2-ss-slider-wrapper-inside\">\n        <div class=\"n2-ss-slider-1 n2_ss__touch_element n2-ow\">\n            <div class=\"n2-ss-slider-2 n2-ow\">\n                                                <div class=\"n2-ss-slider-3 n2-ow\">\n\n                    <div class=\"n2-ss-slide-backgrounds n2-ow-all\"><div class=\"n2-ss-slide-background\" data-public-id=\"1\" data-mode=\"fill\"><div class=\"n2-ss-slide-background-image\" data-blur=\"0\" data-opacity=\"100\" data-x=\"50\" data-y=\"50\" data-alt=\"NES\" data-title=\"\"><picture class=\"skip-lazy\" data-skip-lazy=\"1\"><img decoding=\"async\" src=\"\/\/pablodelrio.fpcei.eu\/wp-content\/uploads\/2026\/02\/imagen_2026-02-25_091511605.png\" alt=\"NES\" title=\"\" loading=\"lazy\" class=\"skip-lazy\" data-skip-lazy=\"1\"><\/picture><\/div><div data-color=\"RGBA(255,255,255,0)\" style=\"background-color: RGBA(255,255,255,0);\" class=\"n2-ss-slide-background-color\"><\/div><\/div><div class=\"n2-ss-slide-background\" data-public-id=\"2\" data-mode=\"fill\" aria-hidden=\"true\"><div class=\"n2-ss-slide-background-image\" data-blur=\"0\" data-opacity=\"100\" data-x=\"40\" data-y=\"61\" data-alt=\"SNES\" data-title=\"\" style=\"--ss-o-pos-x:40%;--ss-o-pos-y:61%\"><picture class=\"skip-lazy\" data-skip-lazy=\"1\"><img decoding=\"async\" src=\"\/\/pablodelrio.fpcei.eu\/wp-content\/uploads\/2026\/02\/imagen_2026-02-25_091739588.png\" alt=\"SNES\" title=\"\" loading=\"lazy\" class=\"skip-lazy\" data-skip-lazy=\"1\"><\/picture><\/div><div data-color=\"RGBA(255,255,255,0)\" style=\"background-color: RGBA(255,255,255,0);\" class=\"n2-ss-slide-background-color\"><\/div><\/div><div class=\"n2-ss-slide-background\" data-public-id=\"3\" data-mode=\"fill\" aria-hidden=\"true\"><div class=\"n2-ss-slide-background-image\" data-blur=\"0\" data-opacity=\"100\" data-x=\"50\" data-y=\"50\" data-alt=\"N64\" data-title=\"\"><picture class=\"skip-lazy\" data-skip-lazy=\"1\"><img decoding=\"async\" src=\"\/\/pablodelrio.fpcei.eu\/wp-content\/uploads\/2026\/02\/imagen_2026-02-25_092114062.png\" alt=\"N64\" title=\"\" loading=\"lazy\" class=\"skip-lazy\" data-skip-lazy=\"1\"><\/picture><\/div><div data-color=\"RGBA(255,255,255,0)\" style=\"background-color: RGBA(255,255,255,0);\" class=\"n2-ss-slide-background-color\"><\/div><\/div><div class=\"n2-ss-slide-background\" data-public-id=\"4\" data-mode=\"fill\" aria-hidden=\"true\"><div class=\"n2-ss-slide-background-image\" data-blur=\"0\" data-opacity=\"100\" data-x=\"50\" data-y=\"50\" data-alt=\"GameCube\" data-title=\"\"><picture class=\"skip-lazy\" data-skip-lazy=\"1\"><img decoding=\"async\" src=\"\/\/pablodelrio.fpcei.eu\/wp-content\/uploads\/2026\/02\/imagen_2026-02-25_092227062.png\" alt=\"GameCube\" title=\"\" loading=\"lazy\" class=\"skip-lazy\" data-skip-lazy=\"1\"><\/picture><\/div><div data-color=\"RGBA(255,255,255,0)\" style=\"background-color: RGBA(255,255,255,0);\" class=\"n2-ss-slide-background-color\"><\/div><\/div><div class=\"n2-ss-slide-background\" data-public-id=\"5\" data-mode=\"fill\" aria-hidden=\"true\"><div class=\"n2-ss-slide-background-image\" data-blur=\"0\" data-opacity=\"100\" data-x=\"50\" data-y=\"50\" data-alt=\"DS\" data-title=\"\"><picture class=\"skip-lazy\" data-skip-lazy=\"1\"><img decoding=\"async\" src=\"\/\/pablodelrio.fpcei.eu\/wp-content\/uploads\/2026\/02\/imagen_2026-02-25_092844827.png\" alt=\"DS\" title=\"\" loading=\"lazy\" class=\"skip-lazy\" data-skip-lazy=\"1\"><\/picture><\/div><div data-color=\"RGBA(255,255,255,0)\" style=\"background-color: RGBA(255,255,255,0);\" class=\"n2-ss-slide-background-color\"><\/div><\/div><div class=\"n2-ss-slide-background\" data-public-id=\"6\" data-mode=\"fill\" aria-hidden=\"true\"><div class=\"n2-ss-slide-background-image\" data-blur=\"0\" data-opacity=\"100\" data-x=\"50\" data-y=\"50\" data-alt=\"3DS\" data-title=\"\"><picture class=\"skip-lazy\" data-skip-lazy=\"1\"><img decoding=\"async\" src=\"\/\/pablodelrio.fpcei.eu\/wp-content\/uploads\/2026\/02\/imagen_2026-02-25_093001340.png\" alt=\"3DS\" title=\"\" loading=\"lazy\" class=\"skip-lazy\" data-skip-lazy=\"1\"><\/picture><\/div><div data-color=\"RGBA(255,255,255,0)\" style=\"background-color: RGBA(255,255,255,0);\" class=\"n2-ss-slide-background-color\"><\/div><\/div><div class=\"n2-ss-slide-background\" data-public-id=\"7\" data-mode=\"fill\" aria-hidden=\"true\"><div class=\"n2-ss-slide-background-image\" data-blur=\"0\" data-opacity=\"100\" data-x=\"50\" data-y=\"50\" data-alt=\"Wii\" data-title=\"\"><picture class=\"skip-lazy\" data-skip-lazy=\"1\"><img decoding=\"async\" src=\"\/\/pablodelrio.fpcei.eu\/wp-content\/uploads\/2026\/02\/imagen_2026-02-25_093543125.png\" alt=\"Wii\" title=\"\" loading=\"lazy\" class=\"skip-lazy\" data-skip-lazy=\"1\"><\/picture><\/div><div data-color=\"RGBA(255,255,255,0)\" style=\"background-color: RGBA(255,255,255,0);\" class=\"n2-ss-slide-background-color\"><\/div><\/div><div class=\"n2-ss-slide-background\" data-public-id=\"8\" data-mode=\"fill\" aria-hidden=\"true\"><div class=\"n2-ss-slide-background-image\" data-blur=\"0\" data-opacity=\"100\" data-x=\"50\" data-y=\"50\" data-alt=\"Wii U\" data-title=\"\"><picture class=\"skip-lazy\" data-skip-lazy=\"1\"><img decoding=\"async\" src=\"\/\/pablodelrio.fpcei.eu\/wp-content\/uploads\/2026\/02\/imagen_2026-02-25_093643169-scaled.png\" alt=\"Wii U\" title=\"\" loading=\"lazy\" class=\"skip-lazy\" data-skip-lazy=\"1\"><\/picture><\/div><div data-color=\"RGBA(255,255,255,0)\" style=\"background-color: RGBA(255,255,255,0);\" class=\"n2-ss-slide-background-color\"><\/div><\/div><div class=\"n2-ss-slide-background\" data-public-id=\"9\" data-mode=\"fill\" aria-hidden=\"true\"><div class=\"n2-ss-slide-background-image\" data-blur=\"0\" data-opacity=\"100\" data-x=\"50\" data-y=\"50\" data-alt=\"Nintendo Switch\" data-title=\"\"><picture class=\"skip-lazy\" data-skip-lazy=\"1\"><img decoding=\"async\" src=\"\/\/pablodelrio.fpcei.eu\/wp-content\/uploads\/2026\/02\/imagen_2026-02-25_093747431.png\" alt=\"Nintendo Switch\" title=\"\" loading=\"lazy\" class=\"skip-lazy\" data-skip-lazy=\"1\"><\/picture><\/div><div data-color=\"RGBA(255,255,255,0)\" style=\"background-color: RGBA(255,255,255,0);\" class=\"n2-ss-slide-background-color\"><\/div><\/div><\/div>                    <div class=\"n2-ss-slider-4 n2-ow\">\n                        <svg xmlns=\"http:\/\/www.w3.org\/2000\/svg\" viewBox=\"0 0 1400 800\" data-related-device=\"desktopPortrait\" class=\"n2-ow n2-ss-preserve-size n2-ss-preserve-size--slider n2-ss-slide-limiter\"><\/svg><div data-first=\"1\" data-slide-duration=\"0\" data-id=\"14\" data-slide-public-id=\"1\" data-title=\"imagen_2026-02-25_091511605\" class=\"n2-ss-slide n2-ow  n2-ss-slide-14\"><div role=\"note\" class=\"n2-ss-slide--focus\" tabindex=\"-1\">imagen_2026-02-25_091511605<\/div><div class=\"n2-ss-layers-container n2-ss-slide-limiter n2-ow\"><div class=\"n2-ss-layer n2-ow n-uc-4j0ZlkVeNUhl\" data-sstype=\"slide\" data-pm=\"default\"><\/div><\/div><\/div><div data-slide-duration=\"0\" data-id=\"15\" data-slide-public-id=\"2\" aria-hidden=\"true\" data-title=\"imagen_2026-02-25_091618842\" class=\"n2-ss-slide n2-ow  n2-ss-slide-15\"><div role=\"note\" class=\"n2-ss-slide--focus\" tabindex=\"-1\">imagen_2026-02-25_091618842<\/div><div class=\"n2-ss-layers-container n2-ss-slide-limiter n2-ow\"><div class=\"n2-ss-layer n2-ow n-uc-A0Kqyyo6ACIi\" data-sstype=\"slide\" data-pm=\"default\"><\/div><\/div><\/div><div data-slide-duration=\"0\" data-id=\"16\" data-slide-public-id=\"3\" aria-hidden=\"true\" data-title=\"imagen_2026-02-25_092114062\" class=\"n2-ss-slide n2-ow  n2-ss-slide-16\"><div role=\"note\" class=\"n2-ss-slide--focus\" tabindex=\"-1\">imagen_2026-02-25_092114062<\/div><div class=\"n2-ss-layers-container n2-ss-slide-limiter n2-ow\"><div class=\"n2-ss-layer n2-ow n-uc-oiZrd5pMm0y7\" data-sstype=\"slide\" data-pm=\"default\"><\/div><\/div><\/div><div data-slide-duration=\"0\" data-id=\"17\" data-slide-public-id=\"4\" aria-hidden=\"true\" data-title=\"imagen_2026-02-25_092227062\" class=\"n2-ss-slide n2-ow  n2-ss-slide-17\"><div role=\"note\" class=\"n2-ss-slide--focus\" tabindex=\"-1\">imagen_2026-02-25_092227062<\/div><div class=\"n2-ss-layers-container n2-ss-slide-limiter n2-ow\"><div class=\"n2-ss-layer n2-ow n-uc-1jZPK9MDFQbZ\" data-sstype=\"slide\" data-pm=\"default\"><\/div><\/div><\/div><div data-slide-duration=\"0\" data-id=\"18\" data-slide-public-id=\"5\" aria-hidden=\"true\" data-title=\"imagen_2026-02-25_092844827\" class=\"n2-ss-slide n2-ow  n2-ss-slide-18\"><div role=\"note\" class=\"n2-ss-slide--focus\" tabindex=\"-1\">imagen_2026-02-25_092844827<\/div><div class=\"n2-ss-layers-container n2-ss-slide-limiter n2-ow\"><div class=\"n2-ss-layer n2-ow n-uc-x1JWNsfIDUaN\" data-sstype=\"slide\" data-pm=\"default\"><\/div><\/div><\/div><div data-slide-duration=\"0\" data-id=\"19\" data-slide-public-id=\"6\" aria-hidden=\"true\" data-title=\"imagen_2026-02-25_093001340\" class=\"n2-ss-slide n2-ow  n2-ss-slide-19\"><div role=\"note\" class=\"n2-ss-slide--focus\" tabindex=\"-1\">imagen_2026-02-25_093001340<\/div><div class=\"n2-ss-layers-container n2-ss-slide-limiter n2-ow\"><div class=\"n2-ss-layer n2-ow n-uc-58GeeEj9V3eo\" data-sstype=\"slide\" data-pm=\"default\"><\/div><\/div><\/div><div data-slide-duration=\"0\" data-id=\"20\" data-slide-public-id=\"7\" aria-hidden=\"true\" data-title=\"imagen_2026-02-25_093543125\" class=\"n2-ss-slide n2-ow  n2-ss-slide-20\"><div role=\"note\" class=\"n2-ss-slide--focus\" tabindex=\"-1\">imagen_2026-02-25_093543125<\/div><div class=\"n2-ss-layers-container n2-ss-slide-limiter n2-ow\"><div class=\"n2-ss-layer n2-ow n-uc-XSKpZcHvDnPE\" data-sstype=\"slide\" data-pm=\"default\"><\/div><\/div><\/div><div data-slide-duration=\"0\" data-id=\"21\" data-slide-public-id=\"8\" aria-hidden=\"true\" data-title=\"imagen_2026-02-25_093643169\" class=\"n2-ss-slide n2-ow  n2-ss-slide-21\"><div role=\"note\" class=\"n2-ss-slide--focus\" tabindex=\"-1\">imagen_2026-02-25_093643169<\/div><div class=\"n2-ss-layers-container n2-ss-slide-limiter n2-ow\"><div class=\"n2-ss-layer n2-ow n-uc-dAu5jeXlnujl\" data-sstype=\"slide\" data-pm=\"default\"><\/div><\/div><\/div><div data-slide-duration=\"0\" data-id=\"22\" data-slide-public-id=\"9\" aria-hidden=\"true\" data-title=\"imagen_2026-02-25_093747431\" class=\"n2-ss-slide n2-ow  n2-ss-slide-22\"><div role=\"note\" class=\"n2-ss-slide--focus\" tabindex=\"-1\">imagen_2026-02-25_093747431<\/div><div class=\"n2-ss-layers-container n2-ss-slide-limiter n2-ow\"><div class=\"n2-ss-layer n2-ow n-uc-kIZFX3i9iB6b\" data-sstype=\"slide\" data-pm=\"default\"><\/div><\/div><\/div>                    <\/div>\n\n                                    <\/div>\n            <\/div>\n        <\/div>\n        <div class=\"n2-ss-slider-controls n2-ss-slider-controls-absolute-left-center\"><div style=\"--widget-offset:15px;\" class=\"n2-ss-widget nextend-arrow n2-ow-all nextend-arrow-previous  nextend-arrow-animated-fade\" data-hide-mobileportrait=\"1\" id=\"n2-ss-5-arrow-previous\" role=\"button\" aria-label=\"previous arrow\" tabindex=\"0\"><img loading=\"lazy\" decoding=\"async\" width=\"32\" height=\"32\" class=\"skip-lazy\" data-skip-lazy=\"1\" src=\"data:image\/svg+xml;base64,PHN2ZyB3aWR0aD0iMzIiIGhlaWdodD0iMzIiIHZpZXdCb3g9IjAgMCAzMiAzMiIgeG1sbnM9Imh0dHA6Ly93d3cudzMub3JnLzIwMDAvc3ZnIj4KICAgIDxwYXRoIGQ9Ik0xMS40MzMgMTUuOTkyTDIyLjY5IDUuNzEyYy4zOTMtLjM5LjM5My0xLjAzIDAtMS40Mi0uMzkzLS4zOS0xLjAzLS4zOS0xLjQyMyAwbC0xMS45OCAxMC45NGMtLjIxLjIxLS4zLjQ5LS4yODUuNzYtLjAxNS4yOC4wNzUuNTYuMjg0Ljc3bDExLjk4IDEwLjk0Yy4zOTMuMzkgMS4wMy4zOSAxLjQyNCAwIC4zOTMtLjQuMzkzLTEuMDMgMC0xLjQybC0xMS4yNTctMTAuMjkiCiAgICAgICAgICBmaWxsPSIjZmZmZmZmIiBvcGFjaXR5PSIwLjgiIGZpbGwtcnVsZT0iZXZlbm9kZCIvPgo8L3N2Zz4=\" alt=\"previous arrow\"><\/div><\/div><div class=\"n2-ss-slider-controls n2-ss-slider-controls-absolute-right-center\"><div style=\"--widget-offset:15px;\" class=\"n2-ss-widget nextend-arrow n2-ow-all nextend-arrow-next  nextend-arrow-animated-fade\" data-hide-mobileportrait=\"1\" id=\"n2-ss-5-arrow-next\" role=\"button\" aria-label=\"next arrow\" tabindex=\"0\"><img loading=\"lazy\" decoding=\"async\" width=\"32\" height=\"32\" class=\"skip-lazy\" data-skip-lazy=\"1\" src=\"data:image\/svg+xml;base64,PHN2ZyB3aWR0aD0iMzIiIGhlaWdodD0iMzIiIHZpZXdCb3g9IjAgMCAzMiAzMiIgeG1sbnM9Imh0dHA6Ly93d3cudzMub3JnLzIwMDAvc3ZnIj4KICAgIDxwYXRoIGQ9Ik0xMC43MjIgNC4yOTNjLS4zOTQtLjM5LTEuMDMyLS4zOS0xLjQyNyAwLS4zOTMuMzktLjM5MyAxLjAzIDAgMS40MmwxMS4yODMgMTAuMjgtMTEuMjgzIDEwLjI5Yy0uMzkzLjM5LS4zOTMgMS4wMiAwIDEuNDIuMzk1LjM5IDEuMDMzLjM5IDEuNDI3IDBsMTIuMDA3LTEwLjk0Yy4yMS0uMjEuMy0uNDkuMjg0LS43Ny4wMTQtLjI3LS4wNzYtLjU1LS4yODYtLjc2TDEwLjcyIDQuMjkzeiIKICAgICAgICAgIGZpbGw9IiNmZmZmZmYiIG9wYWNpdHk9IjAuOCIgZmlsbC1ydWxlPSJldmVub2RkIi8+Cjwvc3ZnPg==\" alt=\"next arrow\"><\/div><\/div><\/div><\/div><ss3-loader><\/ss3-loader><\/div><\/div><div class=\"n2_clear\"><\/div><\/div>","protected":false},"excerpt":{"rendered":"<p>A lo largo de los a\u00f1os, Nintendo ha ido evolucionando las consolas mejorando los gr\u00e1ficos y la jugabilidad y a\u00f1adiendo m\u00e1s colores y mundos m\u00e1s complejos. Nintendo Entertainment System (NES) (1983): Fue la consola que ayud\u00f3 a recuperar la industria tras la crisis de los videojuegos en 1983. Populariz\u00f3 los juegos y dio fama mundial [&hellip;]<\/p>\n","protected":false},"author":2,"featured_media":0,"parent":0,"menu_order":0,"comment_status":"closed","ping_status":"closed","template":"","meta":{"footnotes":""},"class_list":["post-79","page","type-page","status-publish","hentry"],"_links":{"self":[{"href":"https:\/\/pablodelrio.fpcei.eu\/index.php?rest_route=\/wp\/v2\/pages\/79","targetHints":{"allow":["GET"]}}],"collection":[{"href":"https:\/\/pablodelrio.fpcei.eu\/index.php?rest_route=\/wp\/v2\/pages"}],"about":[{"href":"https:\/\/pablodelrio.fpcei.eu\/index.php?rest_route=\/wp\/v2\/types\/page"}],"author":[{"embeddable":true,"href":"https:\/\/pablodelrio.fpcei.eu\/index.php?rest_route=\/wp\/v2\/users\/2"}],"replies":[{"embeddable":true,"href":"https:\/\/pablodelrio.fpcei.eu\/index.php?rest_route=%2Fwp%2Fv2%2Fcomments&post=79"}],"version-history":[{"count":9,"href":"https:\/\/pablodelrio.fpcei.eu\/index.php?rest_route=\/wp\/v2\/pages\/79\/revisions"}],"predecessor-version":[{"id":236,"href":"https:\/\/pablodelrio.fpcei.eu\/index.php?rest_route=\/wp\/v2\/pages\/79\/revisions\/236"}],"wp:attachment":[{"href":"https:\/\/pablodelrio.fpcei.eu\/index.php?rest_route=%2Fwp%2Fv2%2Fmedia&parent=79"}],"curies":[{"name":"wp","href":"https:\/\/api.w.org\/{rel}","templated":true}]}}